-c + 10. Let h be o(7). What is the remainder when 70 is divided by (-54)/(-12)*16/h?
22
Let z(t) = 5*t - 40. Calculate the remainder when 37 is divided by z(10).
7
Let x = -27 - -61. Calculate the remainder when 67 is divided by x.
33
Suppose -4 + 8 = s. Suppose 0 = -2*y + s, h - 17 = -y - 6. What is the remainder when 34 is divided by h?
7
Let o(i) = -i**3 + 7*i**2 - 4*i + 2. Let j be o(6). Suppose x - 4 = 0, -2*l = 4*x - 46 + j. Calculate the remainder when 14 is divided by l.
6
Let v = -13 + 7. Calculate the remainder when (-190)/v + 4/12 is divided by 11.
10
Suppose -o + g - 1 = -2*o, 22 = 2*o - 3*g. Suppose 0 = -2*v + o*v - 297. Let c = v - 69. Calculate the remainder when c is divided by 16.
14
What is the remainder when 61 is divided by ((-4)/(-7) + (-1704)/(-56))/1?
30
Let n = -283 - -357. What is the remainder when n is divided by 2/9 - (-266)/18?
14
Calculate the remainder when 35 is divided by ((0 + 1)*3)/((-4)/(-24)).
17
Suppose 52*a - 49*a = 213. What is the remainder when a is divided by 19?
14
Suppose -79*i + 87*i - 72 = 0. Calculate the remainder when 34 is divided by i.
7
Suppose -14 = -z + 2. Suppose -4*n - k = 33, -3*n - k - 3*k - 41 = 0. Calculate the remainder when z is divided by -2 - (n + -1) - 0.
4
Let n be 88/(-14) - 4/(-14). Let t(q) be the first derivative of -2*q**2 - 2*q - 42. What is the remainder when t(n) is divided by 12?
10
Suppose 12*i = 7*i + 485. Let f = i - 68. What is the remainder when f is divided by 15?
14
Let z(q) = 33*q**2 + q - 1. Calculate the remainder when z(1) is divided by 18.
15
Let y(j) = j**3 + 4*j**2 - 2*j - 6. Let t be y(-4). What is the remainder when 42 is divided by t/(-1) + 17 + 0?
12
Let q = -8 - -19. Suppose -62 - 38 = -2*y. Suppose -4*g - d = -3*g - 35, -3*d = -2*g + y. Calculate the remainder when g is divided by q.
9
Let g(r) be the third derivative of r**5/12 - r**4/12 + r**3/6 - 3*r**2. Calculate the remainder when 33 is divided by g(2).
16
Let s(o) = -o**3 - 2*o**2 + 2*o. Calculate the remainder when s(-4) is divided by 5.
4
Suppose 4*m = 21 + 59. Calculate the remainder when 78 is divided by m.
18
Suppose -5*q = -8*q + 33. Calculate the remainder when 20 is divided by q.
9
Suppose -12 + 4 = 4*g, -t = -g - 254. Suppose -8*u = -4*u - t. Suppose -5*j + o + 75 = 0, -2*o = 4*j + 32 - 106. What is the remainder when u is divided by j?
15
Let z be 5 - 4 - -1*2. Let a(n) = 13*n + 2. Let j = -11 - -32. Calculate the remainder when a(z) is divided by j.
20
Let y = -3 + 6. Calculate the remainder when 20 is divided by y.
2
Let l(b) = b**3 - 6*b**2 + 5*b + 5. Let a be l(5). Let i = a + -4. What is the remainder when 36 is divided by 38*3/(7 - i)?
17
Suppose -8*i = -7*i. Suppose 2*j = z - 1 - 32, -z - 3*j + 33 = i. Suppose -61 = -4*m + 7. Calculate the remainder when z is divided by m.
16
Let k(q) = q**2 + 13*q + 7. Let d be k(-5). Let b = d + 58. What is the remainder when b is divided by 9?
7
Suppose -4*c - 3*s + 290 = -241, -3*s - 261 = -2*c. Suppose -2*a + 6*a - c = 0. Calculate the remainder when a is divided by 12.
9
Let j be 185/2 + (-2)/4. Suppose 2*w = 4*z + j, 0 = w - z - 4*z - 37. Let y(r) = r**2 - 24*r + 62. What is the remainder when w is divided by y(22)?
16
Suppose -o - 2*o + d + 167 = 0, 3*d = -3*o + 171. Let z = o - 40. What is the remainder when 30 is divided by z?
14
Let d(u) be the first derivative of -u**2 - u - 24. Let i = -22 - -15. What is the remainder when d(i) is divided by 7?
6
What is the remainder when 11 is divided by 3*(-1)/(2/(-4))?
5
Suppose 6*u - 4*u + 74 = 0. Let c = -21 - u. Calculate the remainder when 30 is divided by c.
14
Let q(n) = -n**3 - 5*n**2 - 6*n. Let i(l) = -6*l + 5*l + 2*l. Let j be i(-4). Calculate the remainder when 15 is divided by q(j).
7
Let l = -8 + 10. Suppose -27 - 21 = -l*a. Calculate the remainder when 47 is divided by a.
23
Suppose 0 = 2*s - 0 - 6. Suppose -38 = -3*h + s*x + 2*x, 3*x - 6 = 0. Suppose 0 = -2*v - 1 + 19. Calculate the remainder when h is divided by v.
7
Let m = -11 + 0. Calculate the remainder when (-6)/(-4)*(-64)/(-3) is divided by (0 - -1)/(-1)*m.
10
Suppose 12 = d - 21. Suppose 0 = 5*q - 32 - d. What is the remainder when 50 is divided by q?
11
Let x be ((-6)/(-15))/(2/(-10)). Let g = -2 - x. Suppose g = 3*p + 2*p - 125. Calculate the remainder when p is divided by 13.
12
Let s = -5 - 5. Suppose -l = 2*j + j + 23, -19 = -j + 5*l. Let d = j - s. What is the remainder when 7 is divided by d?
3
Let h = 149 - 226. Let i = -35 - h. What is the remainder when i is divided by 15?
12
Suppose u + 8 = 24. Calculate the remainder when 4 - 1*(-6 + -20) is divided by u.
14
Let w = 60 - 42. What is the remainder when w is divided by 10?
8
Suppose -4 = 4*u + 8. What is the remainder when 10 is divided by (-4)/(u/(0 - -3))?
2
Suppose -k - 3*d = -7, -k + 0*d - d + 3 = 0. Let l(b) = -b - 1. Let o be l(k). Calculate the remainder when 19 is divided by o/3 - (-46)/6.
5
Suppose -2*p - a = 2*p - 153, 5*p = 5*a + 185. Calculate the remainder when 149 is divided by p.
35
Suppose 0 = 2*x + 2*a + 18, 8 = 2*x - 4*a - 4. Let t = -26 - x. Let y = t - -37. Calculate the remainder when 29 is divided by y.
14
Suppose -9*a = -4*a - 620. What is the remainder when a is divided by 42?
40
Let j(i) be the third derivative of -i**6/6 - i**5/60 - 5*i**2. Calculate the remainder when 55 is divided by j(-1).
17
Suppose 5*k + 75 = 8*k. Let i = -1 + 4. Suppose i*c = 17 + 22. What is the remainder when k is divided by c?
12
Suppose -19 = -3*a - 4. What is the remainder when a is divided by 2?
1
Suppose -6 = 3*h, h = 3*j - 7*j + 886. Suppose -5*d + j + 53 = 0. What is the remainder when d is divided by 4/22 - (1092/(-44) + 6)?
17
Suppose -f - 441 = 3*w + w, -5*f - 115 = w. Calculate the remainder when w/(-4) - 2/(-4) is divided by 10.
8
Suppose -2*z - 3*z + 215 = 0. Let k(x) = -x**3 - x**2 - x + 15. Calculate the remainder when z is divided by k(0).
13
Suppose 0*u + 8 = 4*u. Suppose n = -3*c - 7, c = -u*n - 2*c - 5. Calculate the remainder when n is divided by 1.
0
Let w(f) = 7*f - 17. What is the remainder when w(7) is divided by 7?
4
Let w = 178 - 162. Let f = 2 - -59. Calculate the remainder when f is divided by w.
13
Calculate the remainder when 18 + 0 - (-20)/(-10) is divided by 6.
4
Let j(n) = 5*n + 3. Suppose 0 = 4*s - 3*z - 2*z - 37, s + 5*z + 22 = 0. Calculate the remainder when 51 is divided by j(s).
15
Let h(b) = -4*b**3 - 2*b**2 - b. Let x be h(-1). Suppose -172 + 70 = x*s. Let z = 57 + s. What is the remainder when z is divided by 12?
11
Let i = 0 - -6. Let m = 8 - i. Suppose m*l + 3 = b - 6, 0 = b + 4*l - 3. What is the remainder when b is divided by 5?
2
Let x = 21 + 1. Suppose -2*d + 57 = -73. What is the remainder when d is divided by x?
21
Let q = 8 - 3. Suppose 9 + 121 = q*f. Suppose 0 = t + d - 6, 3*t - 33 = 4*d - 2*d. Calculate the remainder when f is divided by t.
8
Let x(d) = d**3 + 11*d**2 + 10*d + 3. Let r(t) = t**3 + 8*t**2 + 5*t - 7. Calculate the remainder when r(-7) is divided by x(-10).
1
Let o(q) = 2*q**2 - 13*q + 10. What is the remainder when o(9) is divided by 20?
15
Suppose -3*u + 192 = 69. Calculate the remainder when u is divided by 31.
10
Suppose -4*w = 6*k - 2*k - 36, 5*w = 15. Suppose -10*i = -k*i - 184. Calculate the remainder when i is divided by 16.
14
Let c(k) = k**2 + 3*k - 4. Let d be c(-7). Let j = d + -17. Calculate the remainder when 13 is divided by j.
6
Let c(o) = o**3 + 6*o**2 - 5*o - 9. What is the remainder when (-21)/14 - (1 - 129/2) is divided by c(-6)?
20
Let p = 113 + -67. What is the remainder when 413 is divided by p?
45
Let k be 2 + (-2 - (10 + -1)). Let x = 3 - k. Suppose 0 = -2*g - 24 + 92. Calculate the remainder when g is divided by x.
10
Let c be (-18)/4 - (-3)/6. Calculate the remainder when (-1)/(-2) - 74/c is divided by 4/(-6) + (-32)/(-3).
9
Suppose 4*w + 3*l = 41, 3*w = 5*w - 4*l - 26. Calculate the remainder when w*((-1 - -2) + 0) is divided by 6.
5
Let o(v) = -v**2 + 17*v + 10. Let c be o(16). What is the remainder when c - (1 - (3 + 1)) is divided by 10?
9
Suppose 0 = 15*l - 6*l - 414. Calculate the remainder when l is divided by 17.
12
Let l(r) = -3*r**2 - 4 - 5*r**3 + 4*r**3 + 6*r + 9*r**2. Calculate the remainder when l(6) is divided by 11.
10
Let q be 0*(-2 - (-2 - -1)). Su